tens digit of g?
3
Let a(j) = j + 21. What is the tens digit of a(12)?
3
Suppose -4*w = 15 + 13. Let i(d) = d**3 + 6*d**2 - d + 6. Let k be i(-6). Let z = k + w. What is the units digit of z?
5
Let d be 8/(1 - (-1 + 1)). Suppose 2*z = -2*o + 5*z + 3, 4*o + 29 = -z. Let i = d + o. What is the units digit of i?
2
Suppose -a - o = o - 70, 2*o = a - 54. What is the tens digit of a?
6
Let t be 13*(-2 - -3) + 0. Let n = 9 + 9. Let f = n - t. What is the units digit of f?
5
Suppose -2 = 2*g + 18. Let b be (1 - (-6)/(-4))*g. Suppose 2*o - n = 5 + 8, -o + 20 = -b*n. What is the units digit of o?
5
Suppose -13 = -3*s + 53. What is the tens digit of s?
2
Let o = -28 + 95. What is the tens digit of o?
6
Let v = 21 - 11. Let x(n) = -n**3 - 10*n**2 - 3*n - 24. Let c be x(-10). Let b = v - c. What is the units digit of b?
4
Let t(b) = -b**2 + 10*b - 3. Let m be t(10). What is the units digit of 0 - (m - 0/(-1))?
3
Let t(m) = m**3 + 7*m**2 + 7*m + 6. Let p be t(-4). Suppose -5*x + 1 + 1 = -2*f, -4*f = x + p. Let q(r) = r**2 + 4*r + 7. What is the tens digit of q(f)?
1
Let w be -57*1/(3/1). Let i = w + 41. What is the units digit of i?
2
Let w be 2/((-4)/1 - -3). Suppose 5*p - 4*z + 38 = 2*p, 2*z = 4. What is the units digit of ((-4)/p)/(w/(-20))?
4
Let r(f) = f**2 - 23*f + 32. What is the units digit of r(26)?
0
Suppose 0 = 2*b + k - 338, 0 = -0*b - b + 2*k + 179. What is the hundreds digit of b?
1
Suppose -5*w = 5 + 5. Let k(g) = -2*g**3 - 2*g**2 + g + 1. Let z be k(w). Let o = 13 - z. What is the units digit of o?
6
Let o(l) = -5*l - 9. Let d be o(-6). Suppose -v + 2*y + 8 = 5*y, 4*v + y - d = 0. What is the tens digit of v*3 + 0/(-5)?
1
Suppose 5*a + 51 = 4*y, 3*y - 39 = 2*y - 4*a. Let i = y + 21. Suppose 3*s = 7*s - i. What is the units digit of s?
0
Let c be 4/10 + (-1359)/(-15). Let r = -57 + c. What is the units digit of r?
4
Suppose -3*f - 3*y + 36 = 0, 8*f - 4*y = 5*f + 15. What is the units digit of f?
9
Let a be ((-3)/2 - 0)*-2. Let w = 8 - a. What is the units digit of w?
5
Let y = -17 - -17. What is the tens digit of 34*(y + 4/8)?
1
Let r(g) = g**3 + 9*g**2 + 8*g - 9. Let t be r(-7). What is the units digit of t/44*1*20?
5
Suppose 2*b - 36 = -4*x + 6*b, 0 = -5*x + 3*b + 39. What is the units digit of x?
6
Let j(t) = t**2 - t + 1. Let b(u) = -5*u**2 + u - 7. Suppose -2*k + k = 1. Let q(z) = k*b(z) - 6*j(z). What is the units digit of q(3)?
7
Let x(p) = p**3 - 3*p**2 - 5*p - 2. What is the tens digit of x(5)?
2
Let o(r) = r - 6. Let i be o(7). Let a(d) = 6*d - 1. What is the units digit of a(i)?
5
Let d = 197 + -117. Suppose s - d = -4*s. What is the units digit of s?
6
Suppose -52 = -z + 19. Suppose 3*l = -5*y + z, -3*l - y = y - 86. What is the tens digit of l?
3
Let o(r) be the second derivative of -r**4/12 - r**3 - 7*r**2/2 - 6*r. What is the units digit of o(-4)?
1
Let k = 6 - 2. Suppose 0*w - 72 = -k*w. Suppose -7 = -5*a + w. What is the units digit of a?
5
Let m be (-2 + -1 - -3) + 3. Suppose 0 = m*x + q - 104, -x - 3*q + 2 = -22. What is the tens digit of x?
3
Suppose 3*y + y = -4*t - 4, -4*t + 21 = -y. Suppose 12 = -3*p, 0 = 5*u + 3*p - t + 1. What is the units digit of u?
3
Suppose -28 = -s + 5*h, -h = -s + 3*h + 23. What is the units digit of s?
3
Let t(q) = -q**2 + 1. Let b be t(-2). Suppose 2*u + u = -15, m + 20 = -2*u. Let r = b - m. What is the units digit of r?
7
What is the units digit of -1 + 251 - 0/(7 + -5)?
0
Suppose -3*g + 7*g - 128 = 0. What is the tens digit of g?
3
Suppose 3*b - 2*b - 10 = 5*x, 0 = b - 4*x - 12. Let l = 3 - 3. Suppose -a + 3*a - b = l. What is the units digit of a?
0
Suppose 2*j + 4*p = -p + 26, -2*p = -4*j + 4. Suppose j*u = -4 + 34. What is the tens digit of u?
1
Suppose 0 = 2*u + 5*q - 116 - 241, q - 555 = -3*u. What is the hundreds digit of u?
1
Let a = -4 - 1. Let x = 7 + a. Suppose -5*j = -x*q + 11 - 58, -2*j + 4*q + 22 = 0. What is the units digit of j?
9
Let j(f) = -f**2 + 10*f - 7. Let t be (1/(-2))/((-4)/96). Let q = -3 + t. What is the units digit of j(q)?
2
Let o(m) = -13*m + 13. Let k(x) = -32*x + 32. Let s(n) = 5*k(n) - 12*o(n). What is the units digit of s(-3)?
6
Suppose -2*b - 80 = -3*d - 199, -5*b = -5*d - 290. What is the tens digit of b?
5
Suppose -f - 30 = -2*f. What is the tens digit of f?
3
What is the units digit of 166 - 64 - (1 - 3*1)?
4
Let f(u) = -u + 21. Let n(w) = -2*w + 42. Let d(g) = 9*f(g) - 4*n(g). What is the units digit of d(10)?
1
Let g = -11 - -23. What is the tens digit of (2 + g/(-3))*-11?
2
Let w(v) = -v**3 + 5*v**2 - 2*v + 1. Let b = 24 + -16. Let c = b - 4. What is the units digit of w(c)?
9
Suppose -14*v + 11*v + 396 = 0. What is the hundreds digit of v?
1
Let p = -4 - -12. What is the units digit of p?
8
Let b be ((-3)/(-4))/(3/132). Suppose -4*j + b = -j. What is the tens digit of j?
1
Let k(n) = -n**2 - 16*n - 21. Let y(x) = -3*x - 2. Let w be y(4). What is the units digit of k(w)?
7
Let z(r) = 14*r**2 - 1. What is the units digit of z(1)?
3
Let g(s) = s**3 - 2*s**2 - 2. What is the tens digit of g(5)?
7
Suppose -5*h = 3*x - 37, -4*h - 4*x + 36 = h. What is the units digit of h?
8
Suppose 0 = 2*u + 5*b + 4, b - 5*b = 5*u - 7. Let v be -1*2/2 - -5. Suppose z - u - v = 0. What is the units digit of z?
7
Let q(s) = -6*s - 14. What is the units digit of q(-7)?
8
Let n(t) = t - 4. Let l be n(5). Suppose -7 = -3*z - l. What is the units digit of z?
2
Let o = 22 - -14. What is the tens digit of o?
3
Let v = 169 - 91. What is the units digit of v?
8
Let u = 132 + -110. What is the units digit of u?
2
Let n = 6 - 2. Let a = n - 2. Suppose 6*u - a*u = 16. What is the units digit of u?
4
Suppose 7*y = 5*y + 378. What is the tens digit of y?
8
Suppose -2*l = 3*c + 16, 5*c - 3*l = l - 12. What is the units digit of (9*-1)/(4/c)?
9
Suppose z - 3 = -8, -z - 1 = 2*b. Suppose -b*i = -3*i + 25. Suppose -i = -2*g - 5. What is the units digit of g?
0
Suppose 3*o - 17 = 4*n - 5*n, 0 = 4*o - 16. What is the units digit of (-4)/n*25/(-5)?
4
Let j(o) = -o**2 - 2*o. Let f be j(-2). Suppose -q + 15 = -f*q. What is the units digit of 3/q + 116/20?
6
Let r(q) be the second derivative of q**4/12 + q**3/2 - 3*q. What is the units digit of r(-4)?
4
Let g = -1 - -5. What is the units digit of g?
4
Suppose -m + 4*m = 195. What is the units digit of m?
5
Let k be 1/(-3)*0*1. Suppose k = -3*w - 2*w. Let o = 2 - w. What is the units digit of o?
2
Let t be (-2 + 0 - -3)*2. Suppose -t*y + 7*y = 20. What is the units digit of (-14 + 2)/((-6)/y)?
8
Let n = -22 - -48. What is the tens digit of n?
2
Let s(x) = -18*x - 1. Let o be s(1). Let k = 57 + o. What is the units digit of k?
8
Suppose 2*i + 2*i = 16. Suppose -2*s + 18 = i*o, 55 = -0*s + 3*s - o. What is the units digit of s?
7
Suppose -3*h + 221 = 4*s, -2*h - 2*s - s + 149 = 0. What is the tens digit of h?
6
Suppose -5*d + 10 = -10*d. Let f(x) = -x**3 + 2*x - 1. What is the units digit of f(d)?
3
Let p = -358 + 702. What is the tens digit of p?
4
Let s be 15 - ((-3)/3 + 1). Suppose 0 = -d - 2*d + 4*k + s, 3*d - 3*k = 15. Let n(b) = b**3 - 6*b**2 + 6*b - 1. What is the units digit of n(d)?
4
What is the units digit of (-3)/(18/10 - 2)?
5
Let x(s) be the first derivative of s**4/24 + 4*s**3/3 - s**2 + 1. Let m(c) be the second derivative of x(c). What is the units digit of m(-4)?
4
Let o = -6 - -10. Suppose o*t = -t + 20. Suppose s = -3*v + v + 10, 28 = t*v - 2*s. What is the units digit of v?
6
Let r = -12 - -17. Suppose r*s - a = 3*a + 65, -2*s = a - 26. What is the tens digit of s?
1
Suppose -22 = -4*h + v, 7 - 20 = -3*h - v. Suppose 0*s + h = s. Let a = 3 + s. What is the units digit of a?
8
Suppose -3*l = 2*i - 5*i - 15, -3*i = -l + 11. Suppose -w + x - l = -16, 0 = -5*x. What is the units digit of w?
4
Let k(z) = -z**3 + 6*z**2 + 7*z + 6. Let m be ((-28)/(-10))/(4/(-20)). Let g = -7 - m. What is the units digit of k(g)?
6
Suppose -2*y + 861 = 4*l + 135, 2*l - 1434 = -4*y. What is the units digit of y?
7
Suppose 3*o + 2*r = 17, -3*o + 13 = -3*r + 4*r. Suppose 0 = -o*k + 38 + 4. What is the units digit of k?
4
Suppose 2*v - 41 = -a, 0 = -v - v + 3*a + 37. Suppose 0 = -r + 3*x + 14, 2*x + 0*x = -3*r + v. What is the units digit of r?
8
Let j = 15 + -10. Suppose -3*o - x - 3 = -31, 5*x = j. What is the units digit of o?
9
What is the units di